 - 4555. Determine r(-35).
1850
Let s(k) = k**3 + 24*k**2 - 1451*k - 135. Give s(28).
5
Let r(p) = 2*p**3 - 24*p**2 - 36*p + 161. Give r(13).
31
Let c(n) = -42192*n - 6413168. Give c(-152).
16
Let l(t) = -4528*t + 4559710. Calculate l(1007).
14
Let k(f) = -3017*f + 168948. Give k(56).
-4
Let d(u) = u**3 + 60*u**2 - 48*u - 116. What is d(-61)?
-909
Let s(y) = 156735*y - 156733. Calculate s(1).
2
Let q(a) = 44*a - 2778. Give q(62).
-50
Let u(p) = p**2 + 217*p + 9078. What is u(-58)?
-144
Let d(p) = p**3 - 49*p**2 + 82*p + 296. What is d(47)?
-268
Let f(c) = 50454*c - 9788071. Calculate f(194).
5
Let s(l) = 1756*l - 993896. Determine s(566).
0
Let j(f) = 2*f**2 + 37*f + 224. What is j(-11)?
59
Let g(v) = 3121*v - 171660. Give g(55).
-5
Let m(f) = -9*f**3 + 95*f**2 + 210*f + 44. What is m(12)?
692
Let a(d) = -30435*d + 121812. Determine a(4).
72
Let h(a) = -a**3 - 462*a**2 - 639*a - 82058. Give h(-461).
0
Let b(w) = 20*w**2 + 724*w - 5286. Give b(7).
762
Let y(h) = 231789*h + 10662287. What is y(-46)?
-7
Let s(d) = 785*d + 4849. Calculate s(-6).
139
Let f(s) = s**2 + 5567*s + 155168. Calculate f(-28).
76
Let p(w) = 169*w - 2534. Give p(14).
-168
Let b(i) = -4*i**3 + 48*i**2 + 57*i + 755. Calculate b(14).
-15
Let w(q) = 3*q**2 - 913*q - 5582. Give w(-6).
4
Let a(i) = -4*i**3 - 382*i**2 + 15045*i + 446. Calculate a(30).
-4
Let t(v) = -2*v**3 + 159*v**2 + 296*v - 1387. What is t(-4)?
101
Let m(i) = -1795*i + 107688. What is m(60)?
-12
Let n(x) = -4446*x + 44475. What is n(10)?
15
Let u(m) = m**3 + 314*m**2 + 3620*m - 978. Determine u(-302).
230
Let z(p) = -935*p - 1846. Calculate z(-2).
24
Let k(n) = -3*n**3 + 46*n**2 + 381*n + 1269. Give k(22).
-29
Let l(j) = j**2 - 3429*j + 17097. Determine l(5).
-23
Let i(h) = -3*h**3 - 15*h**2 + 338*h + 723. Calculate i(-2).
11
Let n(i) = -107*i + 789. Calculate n(6).
147
Let d(u) = 4168*u - 5826870. Determine d(1398).
-6
Let d(s) = -11*s**2 + 1304*s - 656. Give d(118).
52
Let i(w) = w**3 - 10*w**2 - 64*w + 430. Give i(6).
-98
Let y(v) = -129*v**3 - 945*v**2 - 942*v + 4. Give y(-1).
130
Let d(p) = 17684*p + 2581845. Give d(-146).
-19
Let c(g) = -2*g**3 + 23*g**2 + 64*g + 1269. Give c(16).
-11
Let r(g) = 2*g**3 - 61*g**2 - 170*g + 419. Calculate r(33).
254
Let x(k) = k**3 + 38*k**2 + 178*k + 113. What is x(-33)?
-316
Let m(u) = -243*u - 20189. Give m(-83).
-20
Let v(k) = -2005*k - 9913. Determine v(-5).
112
Let w(k) = -3*k**2 + 180*k - 1135. Calculate w(6).
-163
Let o(x) = -8*x**3 - 83*x**2 + 36*x + 48. Calculate o(1).
-7
Let m(r) = r**2 + 1412*r - 56684. Give m(39).
-95
Let s(p) = -2*p**2 - 7*p + 344. Calculate s(-16).
-56
Let u(n) = n**3 - 811*n**2 + 25705*n - 1031. Calculate u(33).
-8
Let x(a) = -22*a**3 + 200*a**2 - 6*a - 108. Calculate x(9).
0
Let i(r) = r**3 + 3251*r**2 - 161719*r + 936. Determine i(49).
5
Let n(d) = 6*d**2 + 50581*d + 252739. Determine n(-5).
-16
Let m(u) = 366*u + 25975. Give m(-71).
-11
Let p(z) = -2*z**2 + 2176*z - 211688. Give p(108).
-8
Let q(r) = -r**2 - 324*r - 20862. Determine q(-231).
621
Let o(p) = 111*p**2 + 958*p + 12. Give o(-10).
1532
Let w(f) = 27*f**3 - 362*f**2 + 44*f + 82. What is w(13)?
-1205
Let z(t) = 31*t**3 - 5*t**2 + 894*t - 2614. Give z(3).
860
Let v(f) = -8059*f + 459362. What is v(57)?
-1
Let k(w) = 1226*w - 51494. Calculate k(42).
-2
Let a(b) = -7*b**3 + 3*b**2 + 55*b - 94. Calculate a(9).
-4459
Let j(q) = -q**2 - 217528*q - 2827701. Determine j(-13).
-6
Let h(a) = a**3 + 22*a**2 - 654*a - 124. Calculate h(17).
29
Let a(b) = 3*b**3 - 8*b**2 + 400*b - 2326. Calculate a(6).
434
Let l(o) = -1112*o + 16603. Calculate l(15).
-77
Let h(t) = 16*t - 1726. Calculate h(42).
-1054
Let o(c) = -16*c**3 + 91*c**2 - 100*c + 1. Give o(5).
-224
Let j(q) = -5322*q + 58519. Calculate j(11).
-23
Let i(q) = -601*q + 6008. What is i(10)?
-2
Let s(k) = 6*k**3 - 31*k**2 + 155*k + 41. Determine s(4).
549
Let f(i) = -132*i**2 + 1480*i + 99. What is f(11)?
407
Let v(r) = -2*r**3 + 363*r**2 - 366*r + 33479. Calculate v(181).
-6
Let s(q) = 4*q**3 - 273*q**2 - 474*q - 11. Calculate s(70).
1109
Let p(u) = 153*u**3 - 10710*u**2 + 2*u - 161. Give p(70).
-21
Let f(a) = -144049*a**2 + 10371529*a - 61. Give f(72).
11
Let z(v) = -479*v + 13045. Calculate z(28).
-367
Let q(m) = 30*m**3 - 15*m**2 + 53*m - 29. What is q(2)?
257
Let n(d) = 7889*d - 426015. Calculate n(54).
-9
Let g(h) = -h**3 + 73*h**2 - 751*h - 4464. Calculate g(59).
-39
Let n(o) = 2*o**3 - 314*o**2 + 2089*o + 1589. Give n(150).
-61
Let y(h) = 111*h**2 + 97*h - 243. Determine y(-7).
4517
Let q(j) = 628*j - 3368. What is q(6)?
400
Let l(t) = -10*t**2 - 258*t - 225. Determine l(-24).
207
Let f(k) = -k**2 - 528*k + 1593. Give f(3).
0
Let o(g) = 24*g**2 - 6020*g + 16890. Give o(248).
26
Let c(k) = k**3 - 1475*k**2 + 30534*k - 22. Determine c(21).
-22
Let p(n) = -345*n**2 + 22080*n - 2. Give p(64).
-2
Let q(u) = 399*u - 3431. What is q(12)?
1357
Let w(c) = 298822*c - 298734. Determine w(1).
88
Let j(n) = -4*n**3 + 139*n**2 + 26*n + 54. Calculate j(35).
-261
Let c(s) = 2*s**2 + 1425*s + 704. Calculate c(-712).
-8
Let w(y) = -7*y**2 + 870*y - 244. Calculate w(124).
4
Let x(l) = 12*l**3 - 18*l**2 - 83*l - 63. Determine x(-1).
-10
Let m(t) = 4*t**2 + 498*t - 35415. Calculate m(-175).
-65
Let s(d) = 88*d + 1798. What is s(-27)?
-578
Let v(s) = -1344*s - 603461. Give v(-449).
-5
Let a(g) = 6306*g + 81974. Calculate a(-13).
-4
Let w(g) = 21958*g + 351321. Give w(-16).
-7
Let o(p) = 2*p**3 + 153*p**2 - 14*p - 6816. Give o(-76).
24
Let i(a) = -4*a**2 + 1548*a - 3069. Determine i(385).
11
Let o(q) = -107*q**2 - 6961*q - 395. Determine o(-65).
-5
Let i(c) = -22*c**2 - 624*c + 3096. Give i(5).
-574
Let w(l) = 8376*l - 4288515. Determine w(512).
-3
Let w(h) = -h**3 + 129*h**2 + 2494*h - 1753. Give w(146).
-1
Let b(x) = 165*x**2 + 291*x. Determine b(1).
456
Let p(z) = -5*z**2 + 24448*z + 122249. What is p(-5)?
-116
Let o(m) = 790*m - 2619. Calculate o(4).
541
Let u(g) = 363*g + 21546. What is u(-55)?
1581
Let p(z) = -105*z**2 + 757*z - 31. Calculate p(7).
123
Let p(m) = 46018*m - 45817. Determine p(1).
201
Let q(y) = -y**3 - 201*y**2 + 503*y + 140582. Determine q(-200).
-18
Let w(u) = u**3 - 14*u**2 + 96*u - 1411. Give w(13).
-332
Let v(x) = -5120*x + 337936. Give v(66).
16
Let g(d) = -d**3 - 75*d**2 - 197*d + 1377. What is g(-72)?
9
Let v(m) = 151*m - 5022. Determine v(27).
-945
Let x(h) = -31*h**2 + 210*h - 187. Calculate x(1).
-8
Let f(t) = 265*t - 21969. Give f(83).
26
Let i(s) = 297*s + 29404. What is i(-99)?
1
Let h(r) = 3893*r + 1156086. What is h(-297)?
-135
Let b(g) = -89*g**3 - 3*g**2 - 17*g + 30. What is b(2)?
-728
Let l(y) = -y**2 - 37*y + 5182. Give l(-90).
412
Let d(p) = -57669*p - 403471. Give d(-7).
212
Let r(u) = 1299*u - 24587. Determine r(21).
2692
Let x(g) = g**3 - 3*g**2 - 139*g + 670. Calculate x(5).
25
Let m(h) = -460*h - 23995. Calculate m(-52).
-75
Let n(t) = 41*t**2 - 1178*t + 543. Calculate n(28).
-297
Let f(b) = 23630*b + 827066. Calculate f(-35).
16
Let u(y) = y**2 + 752*y + 13326. What is u(-18)?
114
Let v(w) = -w**2 + 596*w - 82306. Give v(379).
-63
Let w(o) = -3*o**3 - 3*o**2 - 23065*o - 69197. Determine w(-3).
52
Let q(w) = 5*w**3 + 409*w**2 - 75*w + 146. Calculate q(-82).
-428
Let p(i) = -i**3 - 90*i**2 - 1187*i + 3838. Give p(-73).
-104
Let h(s) = s**2 + 10781*s - 21569. Give h(2).
-3
Let x(w) = -7*w**3 + 41*w**2 + 27*w + 14. Calculate x(12).
-5854
Let j(b) = 40*b**2 - 1765*b + 193. Give j(44).
-27
Let n(h) = -438328*h + 1753201. Determine n(4).
-111
Let x(n) = -2192*n - 205945. What is x(-94)?
103
Let g(d) = 4*d**3 + 240*d**2 + 222*d - 612. Determine g(-59).
214
Let w(b) = -10*b**2 + 97*b + 25. Determine w(9).
88
Let z(v) = -995*v + 7856. Give z(7).
891
Let d(z) = 101*z**2 + 5277*z + 10557. Calculate d(-2).
407
Let s(x) = -78*x + 2861. Determine s(34).
209
Let n(d) = -873*d + 77670. Give n(89).
-27
Let f(w) = -3*w**3 - 176*w**2 + 427*w - 124. Determine f(-61).
-124
Let a(f) = -732*f - 67175. Determine a(-92).
169
Let y(i) = -20*i**2 + 2*i - 872. What is y(-8)?
-2168
Let j(n) = 54751*n - 930834. Calculate j(17).
-67
Let o(i) = i**2 + 15374*i - 523841. What is o(34)?
31
Let s(t) = -2*t**3 + 39*t**2 + 40*t - 2352. What is s(16)?
80
Let u(v) = -3*v**2 - 184*v + 11506. Give u(41).
-1081
Let b(t) = -10*t**3 - 378*t**2 +